{"id":511,"date":"2024-01-30T10:49:11","date_gmt":"2024-01-30T09:49:11","guid":{"rendered":"http:\/\/malrauxbethune.net\/?page_id=511"},"modified":"2024-01-30T11:09:12","modified_gmt":"2024-01-30T10:09:12","slug":"le-bts-mco-en-alternance","status":"publish","type":"page","link":"https:\/\/malrauxbethune.net\/index.php\/le-bts-mco-en-alternance\/","title":{"rendered":"Le BTS MCO en alternance"},"content":{"rendered":"\n<figure class=\"wp-block-image aligncenter size-full\"><img loading=\"lazy\" decoding=\"async\" width=\"324\" height=\"207\" src=\"http:\/\/malrauxbethune.net\/wp-content\/uploads\/2024\/01\/BTS-MCO-ALTERNANCE.png\" alt=\"\" class=\"wp-image-513\" srcset=\"https:\/\/malrauxbethune.net\/wp-content\/uploads\/2024\/01\/BTS-MCO-ALTERNANCE.png 324w, https:\/\/malrauxbethune.net\/wp-content\/uploads\/2024\/01\/BTS-MCO-ALTERNANCE-300x192.png 300w\" sizes=\"auto, (max-width: 324px) 100vw, 324px\" \/><\/figure>\n\n\n\n<p>L\u2019Unit\u00e9 de Formation par Apprentissage du lyc\u00e9e Andr\u00e9 Malraux propose le BTS MCO par la voie de l\u2019apprentissage depuis septembre 2023.<\/p>\n\n\n\n<p>Le titulaire du BTS Management commercial op\u00e9rationnel (MCO) a pour perspective de prendre la responsabilit\u00e9 op\u00e9rationnelle de tout ou partie d\u2019une unit\u00e9 commerciale.<\/p>\n\n\n\n<p>Le titulaire du BTS MCO prend en charge la relation client dans sa globalit\u00e9 ainsi que l\u2019animation et la dynamisation de l\u2019offre. Il assure \u00e9galement la gestion op\u00e9rationnelle de l\u2019unit\u00e9 commerciale ainsi que le management de son \u00e9quipe commerciale. Cette polyvalence fonctionnelle s\u2019inscrit dans un contexte d\u2019activit\u00e9s commerciales digitalis\u00e9es visant \u00e0 mettre en \u0153uvre la politique commerciale du r\u00e9seau et\/ou de l\u2019unit\u00e9 commerciale.<\/p>\n\n\n\n<p><\/p>\n\n\n\n<h6 class=\"wp-block-heading\"><strong><u>Recrutement<\/u><\/strong><\/h6>\n\n\n\n<ul class=\"wp-block-list\">\n<li>Niveau acad\u00e9mique requis\u00a0: baccalaur\u00e9at ou titre \u00e9quivalent.<\/li>\n\n\n\n<li>Recrutement sur dossier (PARCOURUP et en dehors de PARCOURSUP)<\/li>\n\n\n\n<li>Un accompagnement \u00e0 la recherche d\u2019entreprise est propos\u00e9.<\/li>\n\n\n\n<li>Contact\u00a0: <a href=\"mailto:ddfpt.0620042j-1@ac-lille.f\">ddfpt.0620042j-1@ac-lille.f<\/a>r<\/li>\n<\/ul>\n\n\n\n<p><\/p>\n\n\n\n<h6 class=\"wp-block-heading\"><strong><u>Ressources \u00e0 t\u00e9l\u00e9charger\u00a0:<\/u><\/strong><\/h6>\n\n\n\n<ul class=\"wp-block-list\">\n<li><a href=\"http:\/\/malrauxbethune.net\/wp-content\/uploads\/2024\/01\/Plaquette-ANDRE-MALRAUX-BTS-MCO.pdf\" target=\"_blank\" rel=\"noreferrer noopener\">Plaquette de la formation<\/a><\/li>\n\n\n\n<li><a href=\"http:\/\/malrauxbethune.net\/wp-content\/uploads\/2024\/01\/CFA-Lille_Aides-financieres-aux-apprentis.pdf\" target=\"_blank\" rel=\"noreferrer noopener\">Aides financi\u00e8res aux apprentis<\/a><\/li>\n\n\n\n<li><a href=\"http:\/\/malrauxbethune.net\/wp-content\/uploads\/2024\/01\/CFA-Lille_Triptyque-assistante-sociale.pdf\" target=\"_blank\" rel=\"noreferrer noopener\">Assistance sociale des apprentis<\/a><\/li>\n\n\n\n<li><a href=\"http:\/\/malrauxbethune.net\/wp-content\/uploads\/2024\/01\/CFA-Lille_Triptyque-contrat-dapprentissage.pdf\" target=\"_blank\" rel=\"noreferrer noopener\">Contrat d\u2019apprentissage<\/a><\/li>\n\n\n\n<li><a href=\"http:\/\/malrauxbethune.net\/wp-content\/uploads\/2024\/01\/CFA-Lille_Guide-employeur-Apprentissage.pdf\" target=\"_blank\" rel=\"noreferrer noopener\">Guide employeur<\/a><\/li>\n<\/ul>\n\n\n\n<figure class=\"wp-block-image aligncenter size-full is-resized\"><img loading=\"lazy\" decoding=\"async\" width=\"588\" height=\"210\" src=\"http:\/\/malrauxbethune.net\/wp-content\/uploads\/2024\/01\/logo-cfa.png\" alt=\"\" class=\"wp-image-515\" style=\"width:270px;height:auto\" srcset=\"https:\/\/malrauxbethune.net\/wp-content\/uploads\/2024\/01\/logo-cfa.png 588w, https:\/\/malrauxbethune.net\/wp-content\/uploads\/2024\/01\/logo-cfa-300x107.png 300w\" sizes=\"auto, (max-width: 588px) 100vw, 588px\" \/><\/figure>\n","protected":false},"excerpt":{"rendered":"<p>L\u2019Unit\u00e9 de Formation par Apprentissage du lyc\u00e9e Andr\u00e9 Malraux propose le BTS MCO par la voie de l\u2019apprentissage depuis septembre 2023. Le titulaire du BTS Management commercial op\u00e9rationnel (MCO) a pour perspective de prendre la responsabilit\u00e9 op\u00e9rationnelle de tout ou partie d\u2019une [&hellip;]<\/p>\n","protected":false},"author":1,"featured_media":0,"parent":0,"menu_order":0,"comment_status":"closed","ping_status":"closed","template":"","meta":{"footnotes":""},"class_list":["post-511","page","type-page","status-publish","hentry"],"_links":{"self":[{"href":"https:\/\/malrauxbethune.net\/index.php\/wp-json\/wp\/v2\/pages\/511","targetHints":{"allow":["GET"]}}],"collection":[{"href":"https:\/\/malrauxbethune.net\/index.php\/wp-json\/wp\/v2\/pages"}],"about":[{"href":"https:\/\/malrauxbethune.net\/index.php\/wp-json\/wp\/v2\/types\/page"}],"author":[{"embeddable":true,"href":"https:\/\/malrauxbethune.net\/index.php\/wp-json\/wp\/v2\/users\/1"}],"replies":[{"embeddable":true,"href":"https:\/\/malrauxbethune.net\/index.php\/wp-json\/wp\/v2\/comments?post=511"}],"version-history":[{"count":4,"href":"https:\/\/malrauxbethune.net\/index.php\/wp-json\/wp\/v2\/pages\/511\/revisions"}],"predecessor-version":[{"id":523,"href":"https:\/\/malrauxbethune.net\/index.php\/wp-json\/wp\/v2\/pages\/511\/revisions\/523"}],"wp:attachment":[{"href":"https:\/\/malrauxbethune.net\/index.php\/wp-json\/wp\/v2\/media?parent=511"}],"curies":[{"name":"wp","href":"https:\/\/api.w.org\/{rel}","templated":true}]}}