{"id":461,"date":"2024-01-25T09:01:04","date_gmt":"2024-01-25T08:01:04","guid":{"rendered":"http:\/\/malrauxbethune.net\/?page_id=461"},"modified":"2024-01-25T10:47:47","modified_gmt":"2024-01-25T09:47:47","slug":"liens-utiles-2","status":"publish","type":"page","link":"https:\/\/malrauxbethune.net\/index.php\/liens-utiles-2\/","title":{"rendered":"Liens utiles"},"content":{"rendered":"\n<p><a href=\"https:\/\/www.tadao.fr\/fr\/\" target=\"_blank\" rel=\"noreferrer noopener\">TADAO<\/a> &#8211; Toutes les infos sur le r\u00e9seau de bus, horaires, itin\u00e9raires, plans,\u2026<\/p>\n\n\n\n<p><a href=\"https:\/\/www.onisep.fr\/\" target=\"_blank\" rel=\"noreferrer noopener\">Onisep<\/a> &#8211; Information sur les formations et les m\u00e9tiers<\/p>\n\n\n\n<p><a href=\"https:\/\/www.messervices.etudiant.gouv.fr\" target=\"_blank\" rel=\"noreferrer noopener\">Mes services \u00e9tudiant<\/a> &#8211; Demande d&#8217;aides, de logement, action sociale,\u2026 pour les \u00e9tudiants<\/p>\n\n\n\n<p><a href=\"https:\/\/generation.hautsdefrance.fr\/\" target=\"_blank\" rel=\"noreferrer noopener\">G\u00e9n\u00e9ration HDF<\/a><\/p>\n","protected":false},"excerpt":{"rendered":"<p>TADAO &#8211; Toutes les infos sur le r\u00e9seau de bus, horaires, itin\u00e9raires, plans,\u2026 Onisep &#8211; Information sur les formations et les m\u00e9tiers Mes services \u00e9tudiant &#8211; Demande d&#8217;aides, de logement, action sociale,\u2026 pour les \u00e9tudiants G\u00e9n\u00e9ration HDF<\/p>\n","protected":false},"author":1,"featured_media":0,"parent":0,"menu_order":0,"comment_status":"closed","ping_status":"closed","template":"","meta":{"footnotes":""},"class_list":["post-461","page","type-page","status-publish","hentry"],"_links":{"self":[{"href":"https:\/\/malrauxbethune.net\/index.php\/wp-json\/wp\/v2\/pages\/461","targetHints":{"allow":["GET"]}}],"collection":[{"href":"https:\/\/malrauxbethune.net\/index.php\/wp-json\/wp\/v2\/pages"}],"about":[{"href":"https:\/\/malrauxbethune.net\/index.php\/wp-json\/wp\/v2\/types\/page"}],"author":[{"embeddable":true,"href":"https:\/\/malrauxbethune.net\/index.php\/wp-json\/wp\/v2\/users\/1"}],"replies":[{"embeddable":true,"href":"https:\/\/malrauxbethune.net\/index.php\/wp-json\/wp\/v2\/comments?post=461"}],"version-history":[{"count":3,"href":"https:\/\/malrauxbethune.net\/index.php\/wp-json\/wp\/v2\/pages\/461\/revisions"}],"predecessor-version":[{"id":467,"href":"https:\/\/malrauxbethune.net\/index.php\/wp-json\/wp\/v2\/pages\/461\/revisions\/467"}],"wp:attachment":[{"href":"https:\/\/malrauxbethune.net\/index.php\/wp-json\/wp\/v2\/media?parent=461"}],"curies":[{"name":"wp","href":"https:\/\/api.w.org\/{rel}","templated":true}]}}