{"id":370,"date":"2024-01-11T16:55:41","date_gmt":"2024-01-11T15:55:41","guid":{"rendered":"http:\/\/malrauxbethune.net\/?page_id=370"},"modified":"2024-06-17T09:31:36","modified_gmt":"2024-06-17T07:31:36","slug":"seconde-general-et-technologique","status":"publish","type":"page","link":"https:\/\/malrauxbethune.net\/index.php\/seconde-general-et-technologique\/","title":{"rendered":"Seconde g\u00e9n\u00e9rale et technologique"},"content":{"rendered":"\n<h2 class=\"wp-block-heading\">La formation<\/h2>\n\n\n\n<p>Cette premi\u00e8re ann\u00e9e de lyc\u00e9e va vous permettre d\u2019acqu\u00e9rir une culture g\u00e9n\u00e9rale commune, de tester vos go\u00fbts et vos aptitudes en d\u00e9couvrant de nouvelles disciplines, avant de poursuivre vers un Bac G\u00e9n\u00e9ral ou un Bac Technologique.<\/p>\n\n\n\n<p><br>La Seconde G\u00e9n\u00e9rale et Technologique vous conf\u00e8re plus d\u2019autonomie et de nouvelles<br>mati\u00e8res. . . Elle est pleine de d\u00e9couvertes, c\u2019est une classe exigeante.<\/p>\n\n\n\n<p><\/p>\n\n\n\n<h2 class=\"wp-block-heading\">Les sp\u00e9cificit\u00e9s<\/h2>\n\n\n\n<ul class=\"wp-block-list\">\n<li>Tests de positionnement en Fran\u00e7ais et Math\u00e9matiques en d\u00e9but d\u2019ann\u00e9e,<\/li>\n\n\n\n<li>Accompagnement Personnalis\u00e9 en Fran\u00e7ais et en Math\u00e9matiques pour travailler les<br>comp\u00e9tences rep\u00e9r\u00e9es non acquises lors des tests,<\/li>\n\n\n\n<li>Un accompagnement renforc\u00e9 \u00e0 l\u2019Orientation,<\/li>\n\n\n\n<li>Des enseignements optionnels pour d\u00e9couvrir les fili\u00e8res de Bacs.<\/li>\n<\/ul>\n\n\n\n<p><\/p>\n\n\n\n<h2 class=\"wp-block-heading\">Les enseignements<\/h2>\n\n\n\n<p><em><strong>Enseignements communs<\/strong><\/em><\/p>\n\n\n\n<figure class=\"wp-block-table\"><table><tbody><tr><td>Fran\u00e7ais<\/td><td class=\"has-text-align-right\" data-align=\"right\">4h00<\/td><\/tr><tr><td>Histoire-G\u00e9ographie<\/td><td class=\"has-text-align-right\" data-align=\"right\">3h00<\/td><\/tr><tr><td>Anglais, Espagnol ou Allemand<\/td><td class=\"has-text-align-right\" data-align=\"right\">5h30<\/td><\/tr><tr><td>Sciences \u00c9conomiques et Sociales<\/td><td class=\"has-text-align-right\" data-align=\"right\">1h30<\/td><\/tr><tr><td>\u00c9ducation Physique et Sportive<\/td><td class=\"has-text-align-right\" data-align=\"right\">2h00<\/td><\/tr><tr><td>Enseignement Moral et Civique<\/td><td class=\"has-text-align-right\" data-align=\"right\">0,5h<\/td><\/tr><tr><td>Sciences Num\u00e9riques et Technologie<\/td><td class=\"has-text-align-right\" data-align=\"right\">1h30<\/td><\/tr><tr><td>Accompagnement Personnalis\u00e9<\/td><td class=\"has-text-align-right\" data-align=\"right\"><\/td><\/tr><tr><td>Accompagnement au choix de l\u2019Orientation<\/td><td class=\"has-text-align-right\" data-align=\"right\"><\/td><\/tr><\/tbody><\/table><\/figure>\n\n\n\n<p><strong><em>Enseignements optionnels<\/em><\/strong><\/p>\n\n\n\n<figure class=\"wp-block-table\"><table><tbody><tr><td>\u00c9ducation Physique et Sportive<\/td><td class=\"has-text-align-right\" data-align=\"right\">3h00<\/td><\/tr><tr><td>Section Euro<\/td><td class=\"has-text-align-right\" data-align=\"right\">3h00<\/td><\/tr><tr><td><a href=\"http:\/\/malrauxbethune.net\/index.php\/brevet-dinitiation-aeronautique\/\" data-type=\"link\" data-id=\"http:\/\/malrauxbethune.net\/index.php\/brevet-dinitiation-aeronautique\/\" target=\"_blank\" rel=\"noreferrer noopener\">Brevet d\u2019Initiation A\u00e9ronautique<\/a><\/td><td class=\"has-text-align-right\" data-align=\"right\">2h00<\/td><\/tr><\/tbody><\/table><\/figure>\n\n\n\n<p><strong><em>1 enseignement parmi :<\/em><\/strong><\/p>\n\n\n\n<figure class=\"wp-block-table\"><table><tbody><tr><td>Management et Gestion     <\/td><td class=\"has-text-align-right\" data-align=\"right\">1h30<\/td><\/tr><tr><td>Sciences et Laboratoire<\/td><td class=\"has-text-align-right\" data-align=\"right\">1h30<\/td><\/tr><tr><td>Sciences de l\u2019Ing\u00e9nieur<\/td><td class=\"has-text-align-right\" data-align=\"right\">1h30<\/td><\/tr><tr><td>Cr\u00e9ation et Innovation Technologique<\/td><td class=\"has-text-align-right\" data-align=\"right\">1h30<\/td><\/tr><\/tbody><\/table><\/figure>\n","protected":false},"excerpt":{"rendered":"<p>La formation Cette premi\u00e8re ann\u00e9e de lyc\u00e9e va vous permettre d\u2019acqu\u00e9rir une culture g\u00e9n\u00e9rale commune, de tester vos go\u00fbts et vos aptitudes en d\u00e9couvrant de nouvelles disciplines, avant de poursuivre vers un Bac G\u00e9n\u00e9ral ou un Bac Technologique. La Seconde G\u00e9n\u00e9rale et [&hellip;]<\/p>\n","protected":false},"author":1,"featured_media":0,"parent":0,"menu_order":0,"comment_status":"closed","ping_status":"closed","template":"","meta":{"footnotes":""},"class_list":["post-370","page","type-page","status-publish","hentry"],"_links":{"self":[{"href":"https:\/\/malrauxbethune.net\/index.php\/wp-json\/wp\/v2\/pages\/370","targetHints":{"allow":["GET"]}}],"collection":[{"href":"https:\/\/malrauxbethune.net\/index.php\/wp-json\/wp\/v2\/pages"}],"about":[{"href":"https:\/\/malrauxbethune.net\/index.php\/wp-json\/wp\/v2\/types\/page"}],"author":[{"embeddable":true,"href":"https:\/\/malrauxbethune.net\/index.php\/wp-json\/wp\/v2\/users\/1"}],"replies":[{"embeddable":true,"href":"https:\/\/malrauxbethune.net\/index.php\/wp-json\/wp\/v2\/comments?post=370"}],"version-history":[{"count":9,"href":"https:\/\/malrauxbethune.net\/index.php\/wp-json\/wp\/v2\/pages\/370\/revisions"}],"predecessor-version":[{"id":824,"href":"https:\/\/malrauxbethune.net\/index.php\/wp-json\/wp\/v2\/pages\/370\/revisions\/824"}],"wp:attachment":[{"href":"https:\/\/malrauxbethune.net\/index.php\/wp-json\/wp\/v2\/media?parent=370"}],"curies":[{"name":"wp","href":"https:\/\/api.w.org\/{rel}","templated":true}]}}