{"id":23,"date":"2023-10-11T08:37:19","date_gmt":"2023-10-11T06:37:19","guid":{"rendered":"http:\/\/malrauxbethune.net\/?page_id=23"},"modified":"2024-07-12T11:02:47","modified_gmt":"2024-07-12T09:02:47","slug":"lequipe-vie-scolaire","status":"publish","type":"page","link":"https:\/\/malrauxbethune.net\/index.php\/lequipe-vie-scolaire\/","title":{"rendered":"L&#8217;\u00e9quipe vie scolaire"},"content":{"rendered":"\n<p><strong>Le service et l\u2019\u00e9quipe de Vie Scolaire&nbsp;:<\/strong><\/p>\n\n\n\n<p>Le service de vie scolaire compte 5 CPE et 17 assistants d\u2019\u00e9ducation et ma\u00eetres d\u2019internat au sein du P\u00f4le Vie Scolaire qui encadrent l\u2019ensemble des \u00e9l\u00e8ves \u00e0 l\u2019externat et \u00e0 l\u2019internat.<\/p>\n\n\n\n<figure class=\"wp-block-table\"><table><tbody><tr><td><strong>CPE<\/strong><\/td><td><strong>Contacts<\/strong><\/td><td><strong>Classes r\u00e9f\u00e9rentes<\/strong><\/td><\/tr><tr><td colspan=\"3\"><strong>Lyc\u00e9e G\u00e9n\u00e9ral et Technologique<\/strong><\/td><\/tr><tr><td><strong>Mme Delattre<\/strong><\/td><td><a href=\"mailto:valerie.delattre3@ac-lille.fr\">valerie.delattre3@ac-lille.fr<\/a><\/td><td>2<sup>nde<\/sup>1, 2<sup>nde<\/sup>2, 2<sup>nde<\/sup>3, 2<sup>nde<\/sup>4, 2<sup>nde<\/sup>5, COM1, COM2, SIO1, SIO2 + R\u00e9f\u00e9rent internat + r\u00e9f\u00e9rent harc\u00e8lement<\/td><\/tr><tr><td><strong>Mme Diethmann<\/strong><\/td><td><a href=\"mailto:florence.diethmann@ac-lille.fr\">florence.diethmann@ac-lille.fr<\/a><\/td><td>TG1, TG2, TG3, TST1, TST2, TST3, TST4, CPI1, CPI2, CRSA1, CRSA2, CIEL1, SN2 + r\u00e9f\u00e9rent d\u00e9crochage scolaire<\/td><\/tr><tr><td><strong>M. Robichez<\/strong><\/td><td><a href=\"mailto:louis.robichez@ac-lille.fr\">louis.robichez@ac-lille.fr<\/a><\/td><td>1G1, 1G2, 1G3, 1ST1, 1ST2, 1ST3, 1ST4, CG1, CG2, MCO1, MCO2, DCG1, DCG2, DCG3 + R\u00e9f\u00e9rent internat + r\u00e9f\u00e9rent vie lyc\u00e9enne<\/td><\/tr><tr><td colspan=\"3\"><strong>Lyc\u00e9e Professionnel<\/strong><\/td><\/tr><tr><td><strong>Mme Bixquert<\/strong><\/td><td><a href=\"mailto:caroline.bixquert@ac-lille.fr\">caroline.bixquert@ac-lille.fr<\/a><\/td><td>2MRC1, 2MRC2, 2MRC3, 2MRC4, 2MRC5, 2MRC6, 1MA, 1MCVA1, 1MCVA2, 1MCVA3, 1MCVA4, 1MCVB1, 1MCVB2, TMA, TMCVA1, TMCVA2, TMCVA3, TMCVA4, TMCVB1, TMCVB2<\/td><\/tr><tr><td><strong>Mme Dolliet<\/strong><\/td><td><a href=\"mailto:corinne.dolliet@ac-lille.fr\">corinne.dolliet@ac-lille.fr<\/a><\/td><td>2GATL1, 2GATL2, 2MARVI, 2MMV, 2MS, 2PSR1, 2PSR2, 2PSR3, 3PM1, 3PM2, Cadets, UPE2A, Parcours Allophone, 1AGORA1, 1AGORA2, 1MARVI, 1MMV, 1MS, TPSR1, TPSR2, TAGORA1, TAGORA2, TMARVI, TMMV, TMS<\/td><\/tr><\/tbody><\/table><\/figure>\n\n\n\n<p>Les assistants d\u2019\u00e9ducation sont joignables \u00e0 l\u2019adresse&nbsp;: <a href=\"mailto:pvs.malraux@gmail.com\">pvs.malraux@gmail.com<\/a><\/p>\n\n\n\n<p>Le P\u00f4le Vie Scolaire (situ\u00e9 dans le hall du b\u00e2timent externat) est ouvert de 7h30 \u00e0 18h le lundi et de 7h45 \u00e0 18h les mardi, mercredi, jeudi et vendredi.<\/p>\n\n\n\n<p>Et au t\u00e9l\u00e9phone&nbsp;: 0321643231 \/ 0321643233 \/ 0321643234 \/ 0321643236<\/p>\n\n\n\n<figure class=\"wp-block-table\"><table><tbody><tr><td><strong>Assistant d\u2019\u00e9ducation<\/strong><\/td><td><strong>Classes r\u00e9f\u00e9rentes<\/strong><\/td><\/tr><tr><td><strong>Beudaert Florentin<\/strong><\/td><td>TMA, TST1, CIEL1, SN2<\/td><\/tr><tr><td><strong>Bosseau Clotilde<\/strong> &nbsp;<\/td><td>1AGORA1, 1AGORA2, TST2<\/td><\/tr><tr><td><strong>Caron Sullyvan<\/strong> &nbsp;<\/td><td>TMARVI, TMMV, TPSR1, 2<sup>nde<\/sup>5, MCO1, MCO2<\/td><\/tr><tr><td><strong>Charpentier-Derouet Julie<\/strong> &nbsp;<\/td><td>2MRC5, 2MRC6, 1ST2, TST4<\/td><\/tr><tr><td><strong>Dacheville Julie<\/strong> &nbsp;<\/td><td>2MARVI, 2MMV, 1G3, COM1, COM2<\/td><\/tr><tr><td><strong>Danel Mario<\/strong> &nbsp;<\/td><td>1MCVA1, 1MCVA2, 1MCVA3, 1ST4, TST3<\/td><\/tr><tr><td><strong>Decanter Antoine<\/strong> &nbsp;<\/td><td>1MS, TMCVA1, TMCVA2, 1G1, SIO1<\/td><\/tr><tr><td><strong>Hardy Rachel<\/strong><\/td><td>2MRC1, 2MRC2, 1MARVI, 1MMV, CRSA1, CRSA2<\/td><\/tr><tr><td><strong>Houche Giovanni<\/strong> &nbsp;<\/td><td>TMS, UPE2A, 1ST1, SIO2<\/td><\/tr><tr><td><strong>Kubiak Louise<\/strong> &nbsp;<\/td><td>2PSR1, 2PSR2, 2PSR3, 1G2<\/td><\/tr><tr><td><strong>Kupczyk Martin<\/strong> &nbsp;<\/td><td>1MCVA4, 1MCVB1, 1MCVB2, TPSR2, 1ST3<\/td><\/tr><tr><td><strong>Manier Valentin<\/strong> &nbsp;<\/td><td>2MS, CADETS, CG1, CG2<\/td><\/tr><tr><td><strong>Manseur Nora<\/strong> &nbsp;<\/td><td>1GATL1, 1GATL2, TAGORA1, TAGORA2, TG1, TG2, TG3<\/td><\/tr><tr><td><strong>Verpraet Sylvain<\/strong> &nbsp;<\/td><td>1MA, TMCVA3, TMCVA4, 2<sup>nde<\/sup>3, 2<sup>NDE<\/sup>4, CPI1, CPI2<\/td><\/tr><tr><td><strong>Vilain Emilie<\/strong> &nbsp;<\/td><td>3PM1, 3PM2, 2MRC3, 2MRC4, 2<sup>NDE<\/sup>1, 2<sup>NDE<\/sup>2<\/td><\/tr><tr><td><strong>Viseur Romain<\/strong> &nbsp;<\/td><td>TMCVB1, TMCVB2, PAL, DCG1, DCG2, DCG3<\/td><\/tr><tr><td><\/td><td><\/td><\/tr><\/tbody><\/table><\/figure>\n","protected":false},"excerpt":{"rendered":"<p>Le service et l\u2019\u00e9quipe de Vie Scolaire&nbsp;: Le service de vie scolaire compte 5 CPE et 17 assistants d\u2019\u00e9ducation et ma\u00eetres d\u2019internat au sein du P\u00f4le Vie Scolaire qui encadrent l\u2019ensemble des \u00e9l\u00e8ves \u00e0 l\u2019externat et \u00e0 l\u2019internat. CPE Contacts Classes r\u00e9f\u00e9rentes [&hellip;]<\/p>\n","protected":false},"author":1,"featured_media":0,"parent":0,"menu_order":0,"comment_status":"closed","ping_status":"closed","template":"","meta":{"footnotes":""},"class_list":["post-23","page","type-page","status-publish","hentry"],"_links":{"self":[{"href":"https:\/\/malrauxbethune.net\/index.php\/wp-json\/wp\/v2\/pages\/23","targetHints":{"allow":["GET"]}}],"collection":[{"href":"https:\/\/malrauxbethune.net\/index.php\/wp-json\/wp\/v2\/pages"}],"about":[{"href":"https:\/\/malrauxbethune.net\/index.php\/wp-json\/wp\/v2\/types\/page"}],"author":[{"embeddable":true,"href":"https:\/\/malrauxbethune.net\/index.php\/wp-json\/wp\/v2\/users\/1"}],"replies":[{"embeddable":true,"href":"https:\/\/malrauxbethune.net\/index.php\/wp-json\/wp\/v2\/comments?post=23"}],"version-history":[{"count":5,"href":"https:\/\/malrauxbethune.net\/index.php\/wp-json\/wp\/v2\/pages\/23\/revisions"}],"predecessor-version":[{"id":841,"href":"https:\/\/malrauxbethune.net\/index.php\/wp-json\/wp\/v2\/pages\/23\/revisions\/841"}],"wp:attachment":[{"href":"https:\/\/malrauxbethune.net\/index.php\/wp-json\/wp\/v2\/media?parent=23"}],"curies":[{"name":"wp","href":"https:\/\/api.w.org\/{rel}","templated":true}]}}