{"id":14,"date":"2023-10-11T08:30:51","date_gmt":"2023-10-11T06:30:51","guid":{"rendered":"http:\/\/malrauxbethune.net\/?page_id=14"},"modified":"2024-01-11T15:28:08","modified_gmt":"2024-01-11T14:28:08","slug":"internat","status":"publish","type":"page","link":"https:\/\/malrauxbethune.net\/index.php\/internat\/","title":{"rendered":"Internat"},"content":{"rendered":"\n<p>Les internes disposent d\u2019une carte qui leur permet d\u2019acc\u00e9der \u00e0 l\u2019internat et \u00e0 la restauration scolaire.<\/p>\n\n\n\n<p>Le tarif journalier est de 11.89.<\/p>\n\n\n\n<p>Tarif pour le trimestre 1&nbsp;: 665.84<\/p>\n\n\n\n<p>Tarif pour le trimestre 2&nbsp;: 475.6<\/p>\n\n\n\n<p>Tarif pour le trimestre 3&nbsp;: 523.16<\/p>\n\n\n\n<p>La facture sera envoy\u00e9e \u00e0 chaque fin de trimestre, il est possible d\u2019\u00e9taler le paiement en effectuant des versements par virement, vous trouverez ci-dessous le RIB des 2 \u00e9tablissements.<\/p>\n\n\n\n<ul class=\"wp-block-list\">\n<li><a href=\"http:\/\/malrauxbethune.net\/wp-content\/uploads\/2024\/01\/RIB-LEGT.pdf\" target=\"_blank\" rel=\"noreferrer noopener\">RIB LEGT<\/a><\/li>\n\n\n\n<li><a href=\"http:\/\/malrauxbethune.net\/wp-content\/uploads\/2024\/01\/RIB-LP.pdf\" target=\"_blank\" rel=\"noreferrer noopener\">RIB LP<\/a><\/li>\n<\/ul>\n\n\n\n<p>Les demandes de remise d\u2019ordre doivent \u00eatre d\u00e9pos\u00e9es \u00e0 l\u2019intendance par le biais du document ci-dessous\u00a0accompagn\u00e9 des pi\u00e8ces justificatives\u00a0:<\/p>\n\n\n\n<ul class=\"wp-block-list\">\n<li><a href=\"http:\/\/malrauxbethune.net\/wp-content\/uploads\/2024\/01\/Demande-de-Remise-Ordre.pdf\" target=\"_blank\" rel=\"noreferrer noopener\">Demande de remise d&#8217;ordre<\/a><\/li>\n<\/ul>\n\n\n\n<p>Elles seront accord\u00e9es pour les raisons suivantes&nbsp;:<\/p>\n\n\n\n<ul class=\"wp-block-list\">\n<li>Absence d\u2019au moins 5 jours cons\u00e9cutifs pour raisons m\u00e9dicales<\/li>\n\n\n\n<li>P\u00e9riode de stage<\/li>\n\n\n\n<li>Exclusion temporaire ou d\u00e9finitive<\/li>\n\n\n\n<li>Voyages scolaires<\/li>\n\n\n\n<li>Journ\u00e9e d\u00e9fense et citoyennet\u00e9<\/li>\n\n\n\n<li>Changement d\u2019\u00e9tablissement<\/li>\n\n\n\n<li>P\u00e9riode de fin d\u2019ann\u00e9e o\u00f9 les cours ne sont pas assur\u00e9s<\/li>\n\n\n\n<li>D\u00e9mission ou d\u00e9c\u00e8s de l\u2019\u00e9l\u00e8ve<\/li>\n\n\n\n<li>En cas de fermeture de la restauration scolaire pour cause de force majeure.<\/li>\n<\/ul>\n","protected":false},"excerpt":{"rendered":"<p>Les internes disposent d\u2019une carte qui leur permet d\u2019acc\u00e9der \u00e0 l\u2019internat et \u00e0 la restauration scolaire. Le tarif journalier est de 11.89. Tarif pour le trimestre 1&nbsp;: 665.84 Tarif pour le trimestre 2&nbsp;: 475.6 Tarif pour le trimestre 3&nbsp;: 523.16 La facture [&hellip;]<\/p>\n","protected":false},"author":1,"featured_media":0,"parent":0,"menu_order":0,"comment_status":"closed","ping_status":"closed","template":"","meta":{"footnotes":""},"class_list":["post-14","page","type-page","status-publish","hentry"],"_links":{"self":[{"href":"https:\/\/malrauxbethune.net\/index.php\/wp-json\/wp\/v2\/pages\/14","targetHints":{"allow":["GET"]}}],"collection":[{"href":"https:\/\/malrauxbethune.net\/index.php\/wp-json\/wp\/v2\/pages"}],"about":[{"href":"https:\/\/malrauxbethune.net\/index.php\/wp-json\/wp\/v2\/types\/page"}],"author":[{"embeddable":true,"href":"https:\/\/malrauxbethune.net\/index.php\/wp-json\/wp\/v2\/users\/1"}],"replies":[{"embeddable":true,"href":"https:\/\/malrauxbethune.net\/index.php\/wp-json\/wp\/v2\/comments?post=14"}],"version-history":[{"count":5,"href":"https:\/\/malrauxbethune.net\/index.php\/wp-json\/wp\/v2\/pages\/14\/revisions"}],"predecessor-version":[{"id":355,"href":"https:\/\/malrauxbethune.net\/index.php\/wp-json\/wp\/v2\/pages\/14\/revisions\/355"}],"wp:attachment":[{"href":"https:\/\/malrauxbethune.net\/index.php\/wp-json\/wp\/v2\/media?parent=14"}],"curies":[{"name":"wp","href":"https:\/\/api.w.org\/{rel}","templated":true}]}}